13, 883
What are the prime factors of 2498?
2, 1249
List the prime factors of 7120.
2, 5, 89
List the prime factors of 35574.
2, 3, 7, 11
List the prime factors of 56403.
3, 2089
What are the prime factors of 1255?
5, 251
List the prime factors of 1320.
2, 3, 5, 11
What are the prime factors of 2223?
3, 13, 19
What are the prime factors of 1333?
31, 43
List the prime factors of 24286.
2, 12143
List the prime factors of 572.
2, 11, 13
List the prime factors of 9775.
5, 17, 23
What are the prime factors of 91447?
19, 4813
List the prime factors of 11733.
3, 3911
List the prime factors of 1140.
2, 3, 5, 19
What are the prime factors of 1221?
3, 11, 37
What are the prime factors of 29355?
3, 5, 19, 103
What are the prime factors of 61?
61
What are the prime factors of 17930?
2, 5, 11, 163
List the prime factors of 2382.
2, 3, 397
What are the prime factors of 2219?
7, 317
What are the prime factors of 210?
2, 3, 5, 7
List the prime factors of 1485.
3, 5, 11
What are the prime factors of 9026?
2, 4513
List the prime factors of 1515.
3, 5, 101
List the prime factors of 56119.
7, 8017
List the prime factors of 1986.
2, 3, 331
What are the prime factors of 3254?
2, 1627
List the prime factors of 7565.
5, 17, 89
What are the prime factors of 17862?
2, 3, 13, 229
What are the prime factors of 31508?
2, 7877
What are the prime factors of 7636?
2, 23, 83
List the prime factors of 5239.
13, 31
What are the prime factors of 4342?
2, 13, 167
What are the prime factors of 10542?
2, 3, 7, 251
What are the prime factors of 838?
2, 419
What are the prime factors of 478?
2, 239
List the prime factors of 1052.
2, 263
What are the prime factors of 13210?
2, 5, 1321
List the prime factors of 559.
13, 43
List the prime factors of 238.
2, 7, 17
What are the prime factors of 11547?
3, 1283
List the prime factors of 44905.
5, 7, 1283
What are the prime factors of 14632?
2, 31, 59
What are the prime factors of 7112?
2, 7, 127
What are the prime factors of 378?
2, 3, 7
What are the prime factors of 65966?
2, 32983
What are the prime factors of 2603?
19, 137
What are the prime factors of 173430?
2, 3, 5, 41, 47
List the prime factors of 11376.
2, 3, 79
List the prime factors of 26932.
2, 6733
What are the prime factors of 4540?
2, 5, 227
What are the prime factors of 1756?
2, 439
What are the prime factors of 813?
3, 271
What are the prime factors of 631?
631
List the prime factors of 518.
2, 7, 37
List the prime factors of 2760.
2, 3, 5, 23
List the prime factors of 1617.
3, 7, 11
List the prime factors of 126195.
3, 5, 47, 179
What are the prime factors of 41736?
2, 3, 37, 47
What are the prime factors of 4660?
2, 5, 233
What are the prime factors of 76946?
2, 79, 487
List the prime factors of 4087.
61, 67
List the prime factors of 2569.
7, 367
List the prime factors of 10810.
2, 5, 23, 47
What are the prime factors of 22614?
2, 3, 3769
List the prime factors of 18626.
2, 67, 139
What are the prime factors of 9482?
2, 11, 431
What are the prime factors of 162681?
3, 211, 257
List the prime factors of 20770.
2, 5, 31, 67
List the prime factors of 2420.
2, 5, 11
What are the prime factors of 25943?
25943
What are the prime factors of 1791?
3, 199
What are the prime factors of 6776?
2, 7, 11
List the prime factors of 876.
2, 3, 73
What are the prime factors of 3799?
29, 131
What are the prime factors of 1222?
2, 13, 47
What are the prime factors of 5842?
2, 23, 127
What are the prime factors of 3626?
2, 7, 37
What are the prime factors of 2087?
2087
What are the prime factors of 51943?
127, 409
List the prime factors of 565.
5, 113
What are the prime factors of 62195?
5, 7, 1777
List the prime factors of 1021.
1021
What are the prime factors of 678?
2, 3, 113
List the prime factors of 334.
2, 167
What are the prime factors of 19376?
2, 7, 173
What are the prime factors of 1971?
3, 73
What are the prime factors of 1344?
2, 3, 7
List the prime factors of 2232.
2, 3, 31
What are the prime factors of 62484?
2, 3, 41, 127
What are the prime factors of 645?
3, 5, 43
What are the prime factors of 4331?
61, 71
What are the prime factors of 16844?
2, 4211
What are the prime factors of 9506?
2, 7, 97
List the prime factors of 2151.
3, 239
List the prime factors of 15743.
7, 13, 173
What are the prime factors of 16715?
5, 3343
List the prime factors of 656.
2, 41
List the prime factors of 16387.
7, 2341
List the prime factors of 357.
3, 7, 17
What are the prime factors of 31693?
41, 773
What are the prime factors of 1243?
11, 113
List the prime factors of 32563.
32563
List the prime factors of 8599.
8599
What are the prime factors of 5198?
2, 23, 113
List the prime factors of 17940.
2, 3, 5, 13, 23
List the prime factors of 1952.
2, 61
List the prime factors of 13737.
3, 19, 241
List the prime factors of 1523.
1523
List the prime factors of 1558.
2, 19, 41
List the prime factors of 1158.
2, 3, 193
List the prime factors of 915.
3, 5, 61
What are the prime factors of 25518?
2, 3, 4253
List the prime factors of 3852.
2, 3, 107
What are the prime factors of 972?
2, 3
What are the prime factors of 8591?
11, 71
List the prime factors of 20180.
2, 5, 1009
List the prime factors of 58027.
58027
List the prime factors of 4145.
5, 829
What are the prime factors of 126933?
3, 29, 1459
List the prime factors of 92278.
2, 29, 37, 43
List the prime factors of 858.
2, 3, 11, 13
List the prime factors of 22601.
97, 233
List the prime factors of 55950.
2, 3, 5, 373
What are the prime factors of 155093?
31, 5003
List the prime factors of 73028.
2, 18257
What are the prime factors of 880?
2, 5, 11
What are the prime factors of 61908?
2, 3, 7, 11, 67
What are the prime factors of 6619?
6619
List the prime factors of 5967.
3, 13, 17
What are the prime factors of 62496?
2, 3, 7, 31
List the prime factors of 173.
173
List the prime factors of 17634.
2, 3, 2939
What are the prime factors of 589?
19, 31
List the prime factors of 1566.
2, 3, 29
List the prime factors of 421.
421
List the prime factors of 8860.
2, 5, 443
List the prime factors of 847.
7, 11
List the prime factors of 737.
11, 67
What are the prime factors of 632?
2, 79
What are the prime factors of 1242?
2, 3, 23
What are the prime factors of 5589?
3, 23
List the prime factors of 2968.
2, 7, 53
What are the prime factors of 2096?
2, 131
What are the prime factors of 1506?
2, 3, 251
What are the prime factors of 946?
2, 11, 43
List the prime factors of 2619.
3, 97
List the prime factors of 219.
3, 73
List the prime factors of 5878.
2, 2939
What are the prime factors of 155?
5, 31
List the prime factors of 35884.
2, 8971
List the prime factors of 414.
2, 3, 23
List the prime factors of 6323.
6323
What are the prime factors of 8592?
2, 3, 179
List the prime factors of 21903.
3, 7, 149
List the prime factors of 1382.
2, 691
What are the prime factors of 6926?
2, 3463
List the prime factors of 184.
2, 23
What are the prime factors of 2420?
2, 5, 11
What are the prime factors of 2690?
2, 5, 269
What are the prime factors of 752?
2, 47
What are the prime factors of 8578?
2, 4289
What are the prime factors of 4969?
4969
What are the prime factors of 404?
2, 101
List the prime factors of 2305.
5, 461
List the prime factors of 4169.
11, 379
What are the prime factors of 12884?
2, 3221
What are the prime factors of 1510?
2, 5, 151
What are the prime factors of 1053?
3, 13
List the prime factors of 1584.
2, 3, 11
What are the prime factors of 978?
2, 3, 163
What are the prime factors of 754?
2, 13, 29
What are the prime factors of 34442?
2, 17, 1013
What are the prime factors of 3552?
2, 3, 37
What are the prime factors of 22494?
2, 3, 23, 163
List the prime factors of 1519.
7, 31
List the prime factors of 11776.
2, 23
What are the prime factors of 20351?
47, 433
List the prime factors of 7931.
7, 11, 103
What are the prime factors of 38318?
2, 7, 17, 23
What are the prime factors of 16926?
2, 3, 7, 13, 31
What are the prime factors of 48673?
48673
What are the prime factors of 1158?
2, 3, 193
What are the prime factors of 6085?
5, 1217
What are the prime factors of 120777?
3, 127, 317
What are the prime factors of 16871?
16871
What are the prime factors of 2891?
7, 59
What are the prime factors of 30047?
30047
What are the prime factors of 122941?
7,